-2 + 0 + -1.
-3
What is 4 - (0 + 3) - 2?
-1
What is -2 + -11 + 20 + -13?
-6
What is -9 - -7 - -4 - -3?
5
0 + -2 + (-3 - 2) + 10
3
Calculate 1 - (10 + -4 + -4 - 0).
-1
Calculate 7 - (2 + -1 + 2).
4
Evaluate 11 + -4 - ((2 - 2) + 7).
0
What is -1 + -3 + (4 - 5)?
-5
What is the value of 7 - (14 + -4 - 4)?
1
Calculate 3 + (3 - 2) - (3 + -1).
2
Evaluate -1 - ((-2 - -1) + 8 + -4).
-4
Calculate -6 + 3 - (2 - 0).
-5
Calculate 9 - (10 + 5 + -9).
3
Evaluate 5 - 9 - (0 + -2).
-2
What is (7 + -4 - 2) + -2?
-1
What is (-24 - -20) + (4 - (2 - 0))?
-2
3 - (3 + -3 + -2)
5
Calculate 3 + (-4 - (7 + -6)) - 1.
-3
Evaluate (-3 - -7) + 3 + -4 - 7.
-4
-4 + 2 - (17 + -12)
-7
Calculate -4 + (-2 - (2 - -2) - -7).
-3
What is (0 - -4) + -5 - -7?
6
Evaluate 3 - (0 + 2) - (12 + -10).
-1
Calculate 10 + 1 - (-41 - -46) - 3.
3
Calculate -14 + (27 - -1) + -13.
1
What is 0 + 3 + 4 + -1 - 0?
6
-10 - -1 - -3 - (-3 + 2)
-5
-2 - 1 - (127 - 136)
6
-3 + (0 - -3) - (3 - 0)
-3
12 - 11 - (-7 + 4)
4
What is (31 - 23) + (0 - -1)?
9
What is -1 + (2 - (3 - 2))?
0
Evaluate -4 - (-1 + -3 + 4).
-4
-10 + (13 - 8) + 5
0
What is -4 + 2 + (-2 - -5) + -6?
-5
(-10 - -7) + (0 - 1) + 6
2
What is -12 - -24 - ((-1 - -1) + 3)?
9
Calculate -3 + 9 + (-6 - -1) + 4.
5
-14 + (2 + -3 - -18)
3
Evaluate 10 + -11 + -4 - (-1 + 2).
-6
-10 - (5 - 5 - 5) - -3
-2
-7 + 4 + 2 + 1 + -2
-2
2 - (-9 - -10 - (-3 - 2))
-4
(1 - (4 + -1)) + 2
0
What is 7 + 0 - (-73 - -79)?
1
What is the value of -12 + 13 - 8 - -14?
7
What is the value of (7 - 3) + (-4 - (1 + -7))?
6
What is 14 - (0 - 14 - -23)?
5
What is -10 + 9 - (0 + -5)?
4
Calculate (1 - 5) + -8 - -9.
-3
Calculate -2 - -6 - ((-26 - -12) + 19).
-1
Evaluate (-3 - -10) + -4 + 3 + -2.
4
What is -13 + 5 - ((-1 - -1) + -2)?
-6
Calculate (0 - 4) + (1 - (-7 - -6)).
-2
6 - (-4 + -1 + -16 + 26)
1
What is -16 - -12 - 8 - -5?
-7
What is the value of (1 - 4) + (-15 - -13) - -2?
-3
Calculate 2 - (14 + -20) - 4.
4
Evaluate 3 + (-3 - (0 - 2)) + -5.
-3
What is the value of (3 - -6) + (-1 - 5)?
3
Evaluate 0 + -4 + -160 + 173.
9
Evaluate 9 - -1 - (130 - 119).
-1
Calculate -10 + (-7 - -12) - (4 - -2).
-11
-5 - 21 - -22 - (5 - -1)
-10
Calculate 8 - ((-6 - -2) + 6).
6
Calculate -2 + 2 - (-10 + 9 - 4).
5
What is the value of (2 - (-13 - -3) - 4) + -3?
5
-1 - -4 - (-5 - -4 - -1)
3
Evaluate -3 + 3 + -4 + 1.
-3
What is the value of 2 + (4 - -6 - 17)?
-5
-1 + -4 - (-7 - 4)
6
What is -7 + (-1 - 0) + 4?
-4
Calculate (5 - 8) + 6 + 2 + 1.
6
Evaluate (5 + 0 - 1) + -6 + -4.
-6
Evaluate -9 + 6 - -3 - 5.
-5
7 - (10 - -4) - (0 + -6)
-1
What is the value of 2 + (6 - (4 - 0))?
4
What is 4 + (-1 + 14 - 6) + -5?
6
What is -7 + 7 - 0 - 7?
-7
Calculate 4 - (-1 + (-5 - -5 - 1)).
6
What is the value of 5 - -1 - ((-4 - -3) + 2)?
5
What is the value of (1 - -1) + (-2 + -1 - -4)?
3
Calculate 0 + (1 - (2 - 2)) + 3.
4
-5 + 1 + (-1 - -10)
5
What is (-11 - -6) + -4 + 11?
2
What is the value of (5 - (-8 + 8)) + -6?
-1
Evaluate 1 - (0 + 0 - -3) - -3.
1
3 + (-2 - -6) + -4
3
What is the value of -7 - (1 + -11 - -6) - -3?
0
What is 1 + (-7 - -4) + 1 + 0?
-1
Evaluate 4 + (2 + 1 - (-16 + 30)).
-7
What is 1 - (3 + 0) - -4 - -2?
4
What is the value of (-3 - 12 - -2) + 10?
-3
What is the value of -2 - (1 + (-4 - -1))?
0
-11 + 2 + -1 + -4 + 11
-3
What is the value of 6 + -2 + -5 + (2 - -4)?
5
What is the value of 12 + -9 + -3 + 2?
2
What is -15 - ((-4 - 0) + -4)?
-7
What is the value of -8 - 1 - (12 + -19 - -5)?
-7
Calculate 4 - (-6 + 2 + 5).
3
Evaluate -1 + 2 + 13 + -10 + 3.
7
Evaluate -13 + 13 + -2 + (9 - 15).
-8
What is 11 - (12 + (-10 - -4))?
5
What is the value of (23 - 18) + -1 + (2 - 2)?
4
What is -2 + (-4 - (6 - 4) - -10)?
2
-26 - -21 - (-2 - 1)
-2
Calculate -3 + (-3 + 2 - -3) - -4.
3
Calculate -1 + (12 - (-3 - (-7 + 0))).
7
(3 - 1) + 7 - 5
4
Evaluate (-6 - -10) + 1 + -1.
4
What is the value of 15 + -24 + 15 + (-13 - 1)?
-8
Calculate -1 - (-6 + 6 + -2).
1
What is 1 + -2 + 5 + 4?
8
Evaluate 1 - -4 - (4 + 0 + -3).
4
1 + (-33 - -26) + 2 + 0
-4
Evaluate 5 + -9 - ((3 - 5) + 2).
-4
Calculate (-4 - -2) + 4 + 4 + -1.
5
-2 + -1 + 6 - (0 - -1)
2
What is -7 - 4 - -6 - (-3 - 1)?
-1
-3 + (-7 - -8) + (0 - 1)
-3
What is the value of -1 + (-6 - -1) + 9?
3
Evaluate 16 - 11 - (12 + 0) - -5.
-2
Calculate -3 + 4 + 4 + (-1 - 2).
2
Calculate 7 + (-11 - -1 - (-60 - -66)).
-9
What is the value of -7 - (8 + (-8 - -4)) - -4?
-7
What is 7 + -5 + -4 + 6 - 3?
1
Evaluate -7 + 1 + (0 - -8).
2
What is 5 + 1 + (-7 - -5)?
4
Calculate 0 + 3 - (-14 + 18).
-1
Evaluate 7 + 2 + (4 - 12).
1
Evaluate (2 - 1 - -2) + 49 + -56.
-4
What is 1 + (-1 - 6) - -4?
-2
Evaluate (-1 + 12 - 19) + -2.
-10
1 - (2 + 7 - 11)
3
-5 + -2 + 6 - -3
2
What is -8 - (1 - 5) - -6?
2
Evaluate 8 - -1 - 2 - (3 - 1).
5
Evaluate 0 + 5 - (9 + -8).
4
5 + 1 + 4 + -6 + -7
-3
Evaluate -1 - (3 - (1 - -5)).
2
What is the value of 4 - 14 - (-3 + 6 + -9)?
-4
What is the value of -1 + 1 + -3 - (-2 + 3)?
-4
3 + 1 + -8 + -4 + 5
-3
What is 3 + 6 + -14 - (0 + 6)?
-11
What is the value of 0 + 8 + 3 - 12?
-1
What is the value of 1 + (-1 + (-1 - 2) - -1)?
-2
-1 - (5 + (3 - 10) + -4)
5
Calculate -1 + -2 + (2 - -4) + -5.
-2
What is the value of -16 - -18 - (4 + -1 + 1)?
-2
Calculate -19 + 15 - (-1 - 4).
1
Calculate -9 - (-1 - (-6 - -10)).
-4
Evaluate -2 - (3 + -5) - 5.
-5
Evaluate 1 + (-2 - 2) + -12 + 16.
1
What is the value of -3 + 0 - ((-23 - -15) + 12)?
-7
-2 + -3 - -6 - 5
-4
What is 4 - 9 - (-21 - -15)?
1
What is the value of -1 + 1 - (1 + 3 - 6)?
2
What is the value of -5 - (7 - 18) - 5?
1
What is 1 + -2 + 4 + 2?
5
Evaluate (6 - (5 + -3)) + -8 + 6.
2
7 - (6 + -12 - -18)
-5
What is the value of -1 + -2 - -4 - (1 - 1)?
1
Calculate 3 + (-2 - -4 - (5 + -2)).
2
-15 - (-5 + -10) - (1 - 1)
0
Calculate -32 + 37 + (2 - 0) + -3.
4
Calculate -7 - (-4 - -6) - -4.
-5
Evaluate -1 - (-11 - -10 - (-1 + -3)).
-4
What is the value of 2 - (15 - 7) - (-9 - 1)?
4
What is (-2 - -3) + 2 + -6?
-3
What is 4 - (9 - (7 + (-4 - -2)))?
0
What is (6 - 0) + -38 + 34?
2
Evaluate -14 + 8 + (-1 - -11).
4
What is the value of 9 + -8 + 0 + 0?
1
What is -11 + 12 + (1 - -4)?
6
Calculate 2 - (1 - 1) - 6.
-4
What is -5 + 8 + -1 + 1 - 3?
0
What is the value of 8 - (7 - 2) - 4?
-1
-4 + (-8 - ((-15 - -9) + 3))
-9
What is the value of 21 + -6 + -11 - -6?
10
Evaluate 10 - (-8 - 0 - -27).
-9
Evaluate 3 + 2 + (-8 - 2).
-5
Calculate -8 + -1 - (-49 - -34).
6
What is -6 + -2 + 2 + 1?
-5
Evaluate (-3 - (0 - 6)) + 1.
4
Evaluate 4 + (3 - -1 - (11 + -3)).
0
Calculate 12 + 13 + -11 + -17.
-3
Evaluate (3 + -1 - 0) + (116 - 122).
-4
What is the value of -19 + 18 - (-2 - -1 - -1)?
-1
What is (-2 + 1 - -6) + 9 + -11?
3
Evaluate 13 - (15 + -4 - 0).
2
What is the value of 2 - (-4 - (0 - 4))?
2
2 - (8 - 17) - 5
6
What is the value of 4 + -2 + -4 + 7?
5
5 + (3 + -3 - -6) + -7
4
What is 24 + -21 - (4 + 1)?
-2
What is (-2 + -1 - -2) + 12 + -10?
1
Calculate -9 - (0 + 0 + (-8 - -1)).
-2
Calculate -28 - -33 - (-1 - 1).
7
What is the value of -192 + 201 - (1 - -2)?
6
What is -2 + (-3 - -6) + (1 - 4)?
-2
What is the value of (6 + 2 - 6) + -6 - 3?
-7
-5 + -4 - (-14 + 9)
-4
-5 - (-1 + -4 + 1 + -4)
3
Evaluate 2 + 3 + -14 + 4.
-5
What is (-6 + -1 - (-4 - -3)) + 13?
7
Evaluate 1 - 6 - (13 + -20) - 4.
-2
Calculate 5 + -7 + -3 + 4.
-1
1 - (4 - (3 - (-1 + 0)))
1
Calculate -7 - (4 + -9) - -6 - 2.
2
What is -3 + 3 - (3 + (4 - 7))?
0
What is (1 - 0) + 32 + -28?
5
(5 - -4) + -2 + (-10 - -10)
7
Evaluate 3 + -13 + 3 + 7 + 7.
7
What is 0 - 7 - -11 - 13 - -3?
-6
What is 0 + (-6 - -9 - 6)?
-3
-3 - (-1 - (1 + (-5 - -7)))
1
Evaluate (7 - 9) + 12 + 1 + -1.
10
-11 + (-11 + 16 - (-2 + 0))
-4
Evaluate -4 + (1 - -3 - -2) + -6.
-4
What is the value of 8 + -9 + -1 + 10 + -4?
4
What is the value of 2 + (4 - 4 - (3 - 6))?
5
-3 + (-3 - 1) + 3
-4
Calculate 0 + 5 + -2 - 4.
-1
(-3 - 0) + (-1 - -2) + 1
-1
Calculate -3 - (0 + 3 + -1 + -3).
-2
What is the value of -3 + (7 + -2 - 5)?
-3
Calculate 3 + (-7 + 3 - -6).
5
What is the value of (-21 - -7) + -7 + 8 + 2?
-11
What is -3 + (11 - (3 + -2)) - 2?
5
Evaluate (-15 - 9) + 19 - (3 - 1).
-7
Calculate (7 - -1) + -7 + -2.
-1
What is (5 - -3) + -4 + 1?
5
Calculate (-8 - -1) + 3 + 3.
-1
Calculate 12 - (3 + 4) - (0 + -2).
7
5 + (-15 - -5 - -7)
2
Evaluate 22 + -43 + 22 + 1 + 3.
5
What is 16 + -17 + 1 + 0?
0
What is 2 + (4 - 7) + 4?
3
What is the value of 1 + -4 - (0 + 1)